{"id":57,"date":"2025-02-03T14:13:53","date_gmt":"2025-02-03T11:13:53","guid":{"rendered":"https:\/\/safirdemo.com\/atolye\/ekibimiz\/"},"modified":"2025-02-11T11:21:40","modified_gmt":"2025-02-11T08:21:40","slug":"ekibimiz","status":"publish","type":"page","link":"https:\/\/yansehpa.com.tr\/?page_id=57","title":{"rendered":"Ekibimiz"},"content":{"rendered":"\n<p>Bu sayfada \u00e7al\u0131\u015fanlar\u0131n\u0131z\u0131 toplu olarak listeyebilece\u011finiz bir sunum g\u00f6rmektesiniz. Her bir \u00e7al\u0131\u015fan i\u00e7in ayr\u0131 ayr\u0131 sayfa olu\u015fturup \u00e7al\u0131\u015fana t\u0131kland\u0131\u011f\u0131nda o ki\u015finin detay sayfas\u0131n\u0131 da a\u00e7abilirsiniz. A\u015fa\u011f\u0131daki \u00e7al\u0131\u015fanlardan birine t\u0131klayarak \u00f6rnek bir \u00e7al\u0131\u015fan sayfas\u0131 g\u00f6rebilirsiniz.<\/p>\n\n\n\n<div class=\"wp-block-group is-layout-grid wp-container-core-group-is-layout-2994b392 wp-block-group-is-layout-grid\">\n<div class=\"wp-block-group has-global-padding is-layout-constrained wp-container-core-group-is-layout-19e250f3 wp-block-group-is-layout-constrained\">\n<div class=\"wp-block-group has-global-padding is-layout-constrained wp-block-group-is-layout-constrained\">\n<figure class=\"wp-block-image size-full\"><a href=\"\/ekibimiz\/calisan-sayfasi\"><img width=\"1024\" height=\"1024\" data-safirlazy=\"true\" src=https:\/\/yansehpa.com.tr\/wp-content\/themes\/neo\/assets\/images\/noimage.svg data-src=\"https:\/\/yansehpa.com.tr\/wp-content\/uploads\/2025\/02\/crew1.webp\" alt=\"\" class=\"wp-image-870\" style=\"aspect-ratio:3\/4;object-fit:cover\" srcset=\"https:\/\/yansehpa.com.tr\/wp-content\/uploads\/2025\/02\/crew1.webp 1024w, https:\/\/yansehpa.com.tr\/wp-content\/uploads\/2025\/02\/crew1-300x300.webp 300w, https:\/\/yansehpa.com.tr\/wp-content\/uploads\/2025\/02\/crew1-150x150.webp 150w, https:\/\/yansehpa.com.tr\/wp-content\/uploads\/2025\/02\/crew1-768x768.webp 768w\" sizes=\"(max-width: 1024px) 100vw, 1024px\" \/><\/a><\/figure>\n<\/div>\n\n\n\n<div class=\"wp-block-group has-black-transparent-1-background-color has-background has-global-padding is-layout-constrained wp-container-core-group-is-layout-e46c98d8 wp-block-group-is-layout-constrained\" style=\"border-bottom-color:var(--wp--preset--color--black-transparent-1);border-bottom-width:1px;padding-top:var(--wp--preset--spacing--30);padding-right:var(--wp--preset--spacing--20);padding-bottom:var(--wp--preset--spacing--30);padding-left:var(--wp--preset--spacing--20)\">\n<h3 class=\"wp-block-heading has-text-align-center has-large-font-size\"><strong><a href=\"https:\/\/yansehpa.com.tr\/ekibimiz\/calisan-sayfasi\/\" data-type=\"page\" data-id=\"124\">Emre Y\u0131lmaz<\/a><\/strong><\/h3>\n\n\n\n<p class=\"has-text-align-center has-black-transparent-5-color has-text-color has-link-color has-medium-font-size wp-elements-ac78c22685423391afffff0ab4af9c46\">Genel M\u00fcd\u00fcr<\/p>\n<\/div>\n<\/div>\n\n\n\n<div class=\"wp-block-group has-global-padding is-layout-constrained wp-container-core-group-is-layout-19e250f3 wp-block-group-is-layout-constrained\">\n<div class=\"wp-block-group has-global-padding is-layout-constrained wp-block-group-is-layout-constrained\">\n<figure class=\"wp-block-image size-full\"><a href=\"\/ekibimiz\/calisan-sayfasi\"><img width=\"1024\" height=\"1024\" data-safirlazy=\"true\" src=https:\/\/yansehpa.com.tr\/wp-content\/themes\/neo\/assets\/images\/noimage.svg data-src=\"https:\/\/yansehpa.com.tr\/wp-content\/uploads\/2025\/02\/crew2.webp\" alt=\"\" class=\"wp-image-871\" style=\"aspect-ratio:3\/4;object-fit:cover\" srcset=\"https:\/\/yansehpa.com.tr\/wp-content\/uploads\/2025\/02\/crew2.webp 1024w, https:\/\/yansehpa.com.tr\/wp-content\/uploads\/2025\/02\/crew2-300x300.webp 300w, https:\/\/yansehpa.com.tr\/wp-content\/uploads\/2025\/02\/crew2-150x150.webp 150w, https:\/\/yansehpa.com.tr\/wp-content\/uploads\/2025\/02\/crew2-768x768.webp 768w\" sizes=\"(max-width: 1024px) 100vw, 1024px\" \/><\/a><\/figure>\n<\/div>\n\n\n\n<div class=\"wp-block-group has-black-transparent-1-background-color has-background has-global-padding is-layout-constrained wp-container-core-group-is-layout-e46c98d8 wp-block-group-is-layout-constrained\" style=\"border-bottom-color:var(--wp--preset--color--black-transparent-1);border-bottom-width:1px;padding-top:var(--wp--preset--spacing--30);padding-right:var(--wp--preset--spacing--20);padding-bottom:var(--wp--preset--spacing--30);padding-left:var(--wp--preset--spacing--20)\">\n<h3 class=\"wp-block-heading has-text-align-center has-large-font-size\"><strong><strong><a href=\"https:\/\/yansehpa.com.tr\/ekibimiz\/calisan-sayfasi\/\">Ahmet Demir<\/a><\/strong><\/strong><\/h3>\n\n\n\n<p class=\"has-text-align-center has-black-transparent-5-color has-text-color has-link-color has-medium-font-size wp-elements-1bc6866a0aaafdec477e6d0a047f27cf\">Finans Direkt\u00f6r\u00fc<\/p>\n<\/div>\n<\/div>\n\n\n\n<div class=\"wp-block-group has-global-padding is-layout-constrained wp-container-core-group-is-layout-19e250f3 wp-block-group-is-layout-constrained\">\n<div class=\"wp-block-group has-global-padding is-layout-constrained wp-block-group-is-layout-constrained\">\n<figure class=\"wp-block-image size-full\"><a href=\"\/ekibimiz\/calisan-sayfasi\"><img width=\"1024\" height=\"1024\" data-safirlazy=\"true\" src=https:\/\/yansehpa.com.tr\/wp-content\/themes\/neo\/assets\/images\/noimage.svg data-src=\"https:\/\/yansehpa.com.tr\/wp-content\/uploads\/2025\/02\/crew3.webp\" alt=\"\" class=\"wp-image-872\" style=\"aspect-ratio:3\/4;object-fit:cover\" srcset=\"https:\/\/yansehpa.com.tr\/wp-content\/uploads\/2025\/02\/crew3.webp 1024w, https:\/\/yansehpa.com.tr\/wp-content\/uploads\/2025\/02\/crew3-300x300.webp 300w, https:\/\/yansehpa.com.tr\/wp-content\/uploads\/2025\/02\/crew3-150x150.webp 150w, https:\/\/yansehpa.com.tr\/wp-content\/uploads\/2025\/02\/crew3-768x768.webp 768w\" sizes=\"(max-width: 1024px) 100vw, 1024px\" \/><\/a><\/figure>\n<\/div>\n\n\n\n<div class=\"wp-block-group has-black-transparent-1-background-color has-background has-global-padding is-layout-constrained wp-container-core-group-is-layout-e46c98d8 wp-block-group-is-layout-constrained\" style=\"border-bottom-color:var(--wp--preset--color--black-transparent-1);border-bottom-width:1px;padding-top:var(--wp--preset--spacing--30);padding-right:var(--wp--preset--spacing--20);padding-bottom:var(--wp--preset--spacing--30);padding-left:var(--wp--preset--spacing--20)\">\n<h3 class=\"wp-block-heading has-text-align-center has-large-font-size\"><strong><strong><a href=\"https:\/\/yansehpa.com.tr\/ekibimiz\/calisan-sayfasi\/\">Mehmet \u015eahin<\/a><\/strong><\/strong><\/h3>\n\n\n\n<p class=\"has-text-align-center has-black-transparent-5-color has-text-color has-link-color has-medium-font-size wp-elements-7328ff9e67e7a1478745b702353a1e0e\">\u0130nsan Kaynaklar\u0131<\/p>\n<\/div>\n<\/div>\n\n\n\n<div class=\"wp-block-group has-global-padding is-layout-constrained wp-container-core-group-is-layout-19e250f3 wp-block-group-is-layout-constrained\">\n<div class=\"wp-block-group has-global-padding is-layout-constrained wp-block-group-is-layout-constrained\">\n<figure class=\"wp-block-image size-full\"><a href=\"\/ekibimiz\/calisan-sayfasi\"><img width=\"1024\" height=\"1024\" data-safirlazy=\"true\" src=https:\/\/yansehpa.com.tr\/wp-content\/themes\/neo\/assets\/images\/noimage.svg data-src=\"https:\/\/yansehpa.com.tr\/wp-content\/uploads\/2025\/02\/crew7.webp\" alt=\"\" class=\"wp-image-876\" style=\"aspect-ratio:3\/4;object-fit:cover\" srcset=\"https:\/\/yansehpa.com.tr\/wp-content\/uploads\/2025\/02\/crew7.webp 1024w, https:\/\/yansehpa.com.tr\/wp-content\/uploads\/2025\/02\/crew7-300x300.webp 300w, https:\/\/yansehpa.com.tr\/wp-content\/uploads\/2025\/02\/crew7-150x150.webp 150w, https:\/\/yansehpa.com.tr\/wp-content\/uploads\/2025\/02\/crew7-768x768.webp 768w\" sizes=\"(max-width: 1024px) 100vw, 1024px\" \/><\/a><\/figure>\n<\/div>\n\n\n\n<div class=\"wp-block-group has-black-transparent-1-background-color has-background has-global-padding is-layout-constrained wp-container-core-group-is-layout-e46c98d8 wp-block-group-is-layout-constrained\" style=\"border-bottom-color:var(--wp--preset--color--black-transparent-1);border-bottom-width:1px;padding-top:var(--wp--preset--spacing--30);padding-right:var(--wp--preset--spacing--20);padding-bottom:var(--wp--preset--spacing--30);padding-left:var(--wp--preset--spacing--20)\">\n<h3 class=\"wp-block-heading has-text-align-center has-large-font-size\"><strong><a href=\"https:\/\/yansehpa.com.tr\/ekibimiz\/calisan-sayfasi\/\">Mustafa Arslan<\/a><\/strong><\/h3>\n\n\n\n<p class=\"has-text-align-center has-black-transparent-5-color has-text-color has-link-color has-medium-font-size wp-elements-20279355c0918b9fbe61e394a00943c8\">Bilgi Teknolojileri<\/p>\n<\/div>\n<\/div>\n\n\n\n<div class=\"wp-block-group has-global-padding is-layout-constrained wp-container-core-group-is-layout-19e250f3 wp-block-group-is-layout-constrained\">\n<div class=\"wp-block-group has-global-padding is-layout-constrained wp-block-group-is-layout-constrained\">\n<figure class=\"wp-block-image size-full\"><a href=\"\/ekibimiz\/calisan-sayfasi\"><img width=\"1024\" height=\"1024\" data-safirlazy=\"true\" src=https:\/\/yansehpa.com.tr\/wp-content\/themes\/neo\/assets\/images\/noimage.svg data-src=\"https:\/\/yansehpa.com.tr\/wp-content\/uploads\/2025\/02\/crew4.webp\" alt=\"\" class=\"wp-image-873\" style=\"aspect-ratio:3\/4;object-fit:cover\" srcset=\"https:\/\/yansehpa.com.tr\/wp-content\/uploads\/2025\/02\/crew4.webp 1024w, https:\/\/yansehpa.com.tr\/wp-content\/uploads\/2025\/02\/crew4-300x300.webp 300w, https:\/\/yansehpa.com.tr\/wp-content\/uploads\/2025\/02\/crew4-150x150.webp 150w, https:\/\/yansehpa.com.tr\/wp-content\/uploads\/2025\/02\/crew4-768x768.webp 768w\" sizes=\"(max-width: 1024px) 100vw, 1024px\" \/><\/a><\/figure>\n<\/div>\n\n\n\n<div class=\"wp-block-group has-black-transparent-1-background-color has-background has-global-padding is-layout-constrained wp-container-core-group-is-layout-e46c98d8 wp-block-group-is-layout-constrained\" style=\"border-bottom-color:var(--wp--preset--color--black-transparent-1);border-bottom-width:1px;padding-top:var(--wp--preset--spacing--30);padding-right:var(--wp--preset--spacing--20);padding-bottom:var(--wp--preset--spacing--30);padding-left:var(--wp--preset--spacing--20)\">\n<h3 class=\"wp-block-heading has-text-align-center has-large-font-size\"><strong><strong><a href=\"https:\/\/yansehpa.com.tr\/ekibimiz\/calisan-sayfasi\/\">Deniz \u00d6zt\u00fcrk<\/a><\/strong><\/strong><\/h3>\n\n\n\n<p class=\"has-text-align-center has-black-transparent-5-color has-text-color has-link-color has-medium-font-size wp-elements-fdbd99e67c1f2d2dacb5334a394ea0be\">Pazarlama<\/p>\n<\/div>\n<\/div>\n\n\n\n<div class=\"wp-block-group has-global-padding is-layout-constrained wp-container-core-group-is-layout-19e250f3 wp-block-group-is-layout-constrained\">\n<div class=\"wp-block-group has-global-padding is-layout-constrained wp-block-group-is-layout-constrained\">\n<figure class=\"wp-block-image size-full\"><a href=\"\/ekibimiz\/calisan-sayfasi\"><img width=\"1024\" height=\"1024\" data-safirlazy=\"true\" src=https:\/\/yansehpa.com.tr\/wp-content\/themes\/neo\/assets\/images\/noimage.svg data-src=\"https:\/\/yansehpa.com.tr\/wp-content\/uploads\/2025\/02\/crew5.webp\" alt=\"\" class=\"wp-image-874\" style=\"aspect-ratio:3\/4;object-fit:cover\" srcset=\"https:\/\/yansehpa.com.tr\/wp-content\/uploads\/2025\/02\/crew5.webp 1024w, https:\/\/yansehpa.com.tr\/wp-content\/uploads\/2025\/02\/crew5-300x300.webp 300w, https:\/\/yansehpa.com.tr\/wp-content\/uploads\/2025\/02\/crew5-150x150.webp 150w, https:\/\/yansehpa.com.tr\/wp-content\/uploads\/2025\/02\/crew5-768x768.webp 768w\" sizes=\"(max-width: 1024px) 100vw, 1024px\" \/><\/a><\/figure>\n<\/div>\n\n\n\n<div class=\"wp-block-group has-black-transparent-1-background-color has-background has-global-padding is-layout-constrained wp-container-core-group-is-layout-e46c98d8 wp-block-group-is-layout-constrained\" style=\"border-bottom-color:var(--wp--preset--color--black-transparent-1);border-bottom-width:1px;padding-top:var(--wp--preset--spacing--30);padding-right:var(--wp--preset--spacing--20);padding-bottom:var(--wp--preset--spacing--30);padding-left:var(--wp--preset--spacing--20)\">\n<h3 class=\"wp-block-heading has-text-align-center has-large-font-size\"><strong><strong><a href=\"https:\/\/yansehpa.com.tr\/ekibimiz\/calisan-sayfasi\/\">Furkan \u00c7etin<\/a><\/strong><\/strong><\/h3>\n\n\n\n<p class=\"has-text-align-center has-black-transparent-5-color has-text-color has-link-color has-medium-font-size wp-elements-d19b63789107c4ab0c1d34be2e331b65\">Sat\u0131\u015f Dan\u0131\u015fman\u0131<\/p>\n<\/div>\n<\/div>\n\n\n\n<div class=\"wp-block-group has-global-padding is-layout-constrained wp-container-core-group-is-layout-19e250f3 wp-block-group-is-layout-constrained\">\n<div class=\"wp-block-group has-global-padding is-layout-constrained wp-block-group-is-layout-constrained\">\n<figure class=\"wp-block-image size-full\"><a href=\"\/ekibimiz\/calisan-sayfasi\"><img width=\"1024\" height=\"1024\" data-safirlazy=\"true\" src=https:\/\/yansehpa.com.tr\/wp-content\/themes\/neo\/assets\/images\/noimage.svg data-src=\"https:\/\/yansehpa.com.tr\/wp-content\/uploads\/2025\/02\/crew6.webp\" alt=\"\" class=\"wp-image-875\" style=\"aspect-ratio:3\/4;object-fit:cover\" srcset=\"https:\/\/yansehpa.com.tr\/wp-content\/uploads\/2025\/02\/crew6.webp 1024w, https:\/\/yansehpa.com.tr\/wp-content\/uploads\/2025\/02\/crew6-300x300.webp 300w, https:\/\/yansehpa.com.tr\/wp-content\/uploads\/2025\/02\/crew6-150x150.webp 150w, https:\/\/yansehpa.com.tr\/wp-content\/uploads\/2025\/02\/crew6-768x768.webp 768w\" sizes=\"(max-width: 1024px) 100vw, 1024px\" \/><\/a><\/figure>\n<\/div>\n\n\n\n<div class=\"wp-block-group has-black-transparent-1-background-color has-background has-global-padding is-layout-constrained wp-container-core-group-is-layout-e46c98d8 wp-block-group-is-layout-constrained\" style=\"border-bottom-color:var(--wp--preset--color--black-transparent-1);border-bottom-width:1px;padding-top:var(--wp--preset--spacing--30);padding-right:var(--wp--preset--spacing--20);padding-bottom:var(--wp--preset--spacing--30);padding-left:var(--wp--preset--spacing--20)\">\n<h3 class=\"wp-block-heading has-text-align-center has-large-font-size\"><strong><strong><a href=\"https:\/\/yansehpa.com.tr\/ekibimiz\/calisan-sayfasi\/\">Yusuf Kara<\/a><\/strong><\/strong><\/h3>\n\n\n\n<p class=\"has-text-align-center has-black-transparent-5-color has-text-color has-link-color has-medium-font-size wp-elements-712c4cb130d0da7c42bd496abba36b13\">Operasyon M\u00fcd\u00fcr\u00fc<\/p>\n<\/div>\n<\/div>\n\n\n\n<div class=\"wp-block-group has-global-padding is-layout-constrained wp-container-core-group-is-layout-19e250f3 wp-block-group-is-layout-constrained\">\n<div class=\"wp-block-group has-global-padding is-layout-constrained wp-block-group-is-layout-constrained\">\n<figure class=\"wp-block-image size-full\"><a href=\"\/ekibimiz\/calisan-sayfasi\"><img width=\"1024\" height=\"1024\" data-safirlazy=\"true\" src=https:\/\/yansehpa.com.tr\/wp-content\/themes\/neo\/assets\/images\/noimage.svg data-src=\"https:\/\/yansehpa.com.tr\/wp-content\/uploads\/2025\/02\/crew12.webp\" alt=\"\" class=\"wp-image-881\" style=\"aspect-ratio:3\/4;object-fit:cover\" srcset=\"https:\/\/yansehpa.com.tr\/wp-content\/uploads\/2025\/02\/crew12.webp 1024w, https:\/\/yansehpa.com.tr\/wp-content\/uploads\/2025\/02\/crew12-300x300.webp 300w, https:\/\/yansehpa.com.tr\/wp-content\/uploads\/2025\/02\/crew12-150x150.webp 150w, https:\/\/yansehpa.com.tr\/wp-content\/uploads\/2025\/02\/crew12-768x768.webp 768w\" sizes=\"(max-width: 1024px) 100vw, 1024px\" \/><\/a><\/figure>\n<\/div>\n\n\n\n<div class=\"wp-block-group has-black-transparent-1-background-color has-background has-global-padding is-layout-constrained wp-container-core-group-is-layout-e46c98d8 wp-block-group-is-layout-constrained\" style=\"border-bottom-color:var(--wp--preset--color--black-transparent-1);border-bottom-width:1px;padding-top:var(--wp--preset--spacing--30);padding-right:var(--wp--preset--spacing--20);padding-bottom:var(--wp--preset--spacing--30);padding-left:var(--wp--preset--spacing--20)\">\n<h3 class=\"wp-block-heading has-text-align-center has-large-font-size\"><strong><a href=\"#\"><\/a><strong><strong><a href=\"https:\/\/yansehpa.com.tr\/ekibimiz\/calisan-sayfasi\/\">Aysun Demirba\u011f<\/a><\/strong><\/strong><\/strong><\/h3>\n\n\n\n<p class=\"has-text-align-center has-black-transparent-5-color has-text-color has-link-color has-medium-font-size wp-elements-a1104c4ff1d367772fcee11b98199f9b\">Proje Y\u00f6neticisi<\/p>\n<\/div>\n<\/div>\n\n\n\n<div class=\"wp-block-group has-global-padding is-layout-constrained wp-container-core-group-is-layout-19e250f3 wp-block-group-is-layout-constrained\">\n<div class=\"wp-block-group has-global-padding is-layout-constrained wp-block-group-is-layout-constrained\">\n<figure class=\"wp-block-image size-full\"><a href=\"\/ekibimiz\/calisan-sayfasi\"><img width=\"1024\" height=\"1024\" data-safirlazy=\"true\" src=https:\/\/yansehpa.com.tr\/wp-content\/themes\/neo\/assets\/images\/noimage.svg data-src=\"https:\/\/yansehpa.com.tr\/wp-content\/uploads\/2025\/02\/crew9.webp\" alt=\"\" class=\"wp-image-878\" style=\"aspect-ratio:3\/4;object-fit:cover\" srcset=\"https:\/\/yansehpa.com.tr\/wp-content\/uploads\/2025\/02\/crew9.webp 1024w, https:\/\/yansehpa.com.tr\/wp-content\/uploads\/2025\/02\/crew9-300x300.webp 300w, https:\/\/yansehpa.com.tr\/wp-content\/uploads\/2025\/02\/crew9-150x150.webp 150w, https:\/\/yansehpa.com.tr\/wp-content\/uploads\/2025\/02\/crew9-768x768.webp 768w\" sizes=\"(max-width: 1024px) 100vw, 1024px\" \/><\/a><\/figure>\n<\/div>\n\n\n\n<div class=\"wp-block-group has-black-transparent-1-background-color has-background has-global-padding is-layout-constrained wp-container-core-group-is-layout-e46c98d8 wp-block-group-is-layout-constrained\" style=\"border-bottom-color:var(--wp--preset--color--black-transparent-1);border-bottom-width:1px;padding-top:var(--wp--preset--spacing--30);padding-right:var(--wp--preset--spacing--20);padding-bottom:var(--wp--preset--spacing--30);padding-left:var(--wp--preset--spacing--20)\">\n<h3 class=\"wp-block-heading has-text-align-center has-large-font-size\"><strong><strong><strong><a href=\"https:\/\/yansehpa.com.tr\/ekibimiz\/calisan-sayfasi\/\">Serhat Keser<\/a><\/strong><\/strong><\/strong><\/h3>\n\n\n\n<p class=\"has-text-align-center has-black-transparent-5-color has-text-color has-link-color has-medium-font-size wp-elements-f814671b70d58eb76e2045ce9cff577d\">Teknik Destek<\/p>\n<\/div>\n<\/div>\n\n\n\n<div class=\"wp-block-group has-global-padding is-layout-constrained wp-container-core-group-is-layout-19e250f3 wp-block-group-is-layout-constrained\">\n<div class=\"wp-block-group has-global-padding is-layout-constrained wp-block-group-is-layout-constrained\">\n<figure class=\"wp-block-image size-full\"><a href=\"\/ekibimiz\/calisan-sayfasi\"><img width=\"1024\" height=\"1024\" data-safirlazy=\"true\" src=https:\/\/yansehpa.com.tr\/wp-content\/themes\/neo\/assets\/images\/noimage.svg data-src=\"https:\/\/yansehpa.com.tr\/wp-content\/uploads\/2025\/02\/crew11.webp\" alt=\"\" class=\"wp-image-880\" style=\"aspect-ratio:3\/4;object-fit:cover\" srcset=\"https:\/\/yansehpa.com.tr\/wp-content\/uploads\/2025\/02\/crew11.webp 1024w, https:\/\/yansehpa.com.tr\/wp-content\/uploads\/2025\/02\/crew11-300x300.webp 300w, https:\/\/yansehpa.com.tr\/wp-content\/uploads\/2025\/02\/crew11-150x150.webp 150w, https:\/\/yansehpa.com.tr\/wp-content\/uploads\/2025\/02\/crew11-768x768.webp 768w\" sizes=\"(max-width: 1024px) 100vw, 1024px\" \/><\/a><\/figure>\n<\/div>\n\n\n\n<div class=\"wp-block-group has-black-transparent-1-background-color has-background has-global-padding is-layout-constrained wp-container-core-group-is-layout-e46c98d8 wp-block-group-is-layout-constrained\" style=\"border-bottom-color:var(--wp--preset--color--black-transparent-1);border-bottom-width:1px;padding-top:var(--wp--preset--spacing--30);padding-right:var(--wp--preset--spacing--20);padding-bottom:var(--wp--preset--spacing--30);padding-left:var(--wp--preset--spacing--20)\">\n<h3 class=\"wp-block-heading has-text-align-center has-large-font-size\"><strong><a href=\"#\"><\/a><strong><strong><a href=\"https:\/\/yansehpa.com.tr\/ekibimiz\/calisan-sayfasi\/\">Ayd\u0131n Yard\u0131mc\u0131<\/a><\/strong><\/strong><\/strong><\/h3>\n\n\n\n<p class=\"has-text-align-center has-black-transparent-5-color has-text-color has-link-color has-medium-font-size wp-elements-f814671b70d58eb76e2045ce9cff577d\">Teknik Destek<\/p>\n<\/div>\n<\/div>\n\n\n\n<div class=\"wp-block-group has-global-padding is-layout-constrained wp-container-core-group-is-layout-19e250f3 wp-block-group-is-layout-constrained\">\n<div class=\"wp-block-group has-global-padding is-layout-constrained wp-block-group-is-layout-constrained\">\n<figure class=\"wp-block-image size-full\"><a href=\"\/ekibimiz\/calisan-sayfasi\"><img width=\"1024\" height=\"1024\" data-safirlazy=\"true\" src=https:\/\/yansehpa.com.tr\/wp-content\/themes\/neo\/assets\/images\/noimage.svg data-src=\"https:\/\/yansehpa.com.tr\/wp-content\/uploads\/2025\/02\/crew10.webp\" alt=\"\" class=\"wp-image-879\" style=\"aspect-ratio:3\/4;object-fit:cover\" srcset=\"https:\/\/yansehpa.com.tr\/wp-content\/uploads\/2025\/02\/crew10.webp 1024w, https:\/\/yansehpa.com.tr\/wp-content\/uploads\/2025\/02\/crew10-300x300.webp 300w, https:\/\/yansehpa.com.tr\/wp-content\/uploads\/2025\/02\/crew10-150x150.webp 150w, https:\/\/yansehpa.com.tr\/wp-content\/uploads\/2025\/02\/crew10-768x768.webp 768w\" sizes=\"(max-width: 1024px) 100vw, 1024px\" \/><\/a><\/figure>\n<\/div>\n\n\n\n<div class=\"wp-block-group has-black-transparent-1-background-color has-background has-global-padding is-layout-constrained wp-container-core-group-is-layout-e46c98d8 wp-block-group-is-layout-constrained\" style=\"border-bottom-color:var(--wp--preset--color--black-transparent-1);border-bottom-width:1px;padding-top:var(--wp--preset--spacing--30);padding-right:var(--wp--preset--spacing--20);padding-bottom:var(--wp--preset--spacing--30);padding-left:var(--wp--preset--spacing--20)\">\n<h3 class=\"wp-block-heading has-text-align-center has-large-font-size\"><strong><strong><strong><a href=\"https:\/\/yansehpa.com.tr\/ekibimiz\/calisan-sayfasi\/\">Davut Ero\u011flu<\/a><\/strong><\/strong><\/strong><\/h3>\n\n\n\n<p class=\"has-text-align-center has-black-transparent-5-color has-text-color has-link-color has-medium-font-size wp-elements-dc16c3edb4fd22716125c4dbdeac004e\">Saha Ara\u015ft\u0131rma<\/p>\n<\/div>\n<\/div>\n\n\n\n<div class=\"wp-block-group has-global-padding is-layout-constrained wp-container-core-group-is-layout-19e250f3 wp-block-group-is-layout-constrained\">\n<div class=\"wp-block-group has-global-padding is-layout-constrained wp-block-group-is-layout-constrained\">\n<figure class=\"wp-block-image size-full\"><a href=\"\/ekibimiz\/calisan-sayfasi\"><img width=\"1024\" height=\"1024\" data-safirlazy=\"true\" src=https:\/\/yansehpa.com.tr\/wp-content\/themes\/neo\/assets\/images\/noimage.svg data-src=\"https:\/\/yansehpa.com.tr\/wp-content\/uploads\/2025\/02\/crew8.webp\" alt=\"\" class=\"wp-image-877\" style=\"aspect-ratio:3\/4;object-fit:cover\" srcset=\"https:\/\/yansehpa.com.tr\/wp-content\/uploads\/2025\/02\/crew8.webp 1024w, https:\/\/yansehpa.com.tr\/wp-content\/uploads\/2025\/02\/crew8-300x300.webp 300w, https:\/\/yansehpa.com.tr\/wp-content\/uploads\/2025\/02\/crew8-150x150.webp 150w, https:\/\/yansehpa.com.tr\/wp-content\/uploads\/2025\/02\/crew8-768x768.webp 768w\" sizes=\"(max-width: 1024px) 100vw, 1024px\" \/><\/a><\/figure>\n<\/div>\n\n\n\n<div class=\"wp-block-group has-black-transparent-1-background-color has-background has-global-padding is-layout-constrained wp-container-core-group-is-layout-e46c98d8 wp-block-group-is-layout-constrained\" style=\"border-bottom-color:var(--wp--preset--color--black-transparent-1);border-bottom-width:1px;padding-top:var(--wp--preset--spacing--30);padding-right:var(--wp--preset--spacing--20);padding-bottom:var(--wp--preset--spacing--30);padding-left:var(--wp--preset--spacing--20)\">\n<h3 class=\"wp-block-heading has-text-align-center has-large-font-size\"><strong><strong><strong><a href=\"https:\/\/yansehpa.com.tr\/ekibimiz\/calisan-sayfasi\/\">Cahit Sever<\/a><\/strong><\/strong><\/strong><\/h3>\n\n\n\n<p class=\"has-text-align-center has-black-transparent-5-color has-text-color has-link-color has-medium-font-size wp-elements-0da2f74a5a70cb0a007f05c5d9cc7502\">Muhasebe<\/p>\n<\/div>\n<\/div>\n<\/div>\n","protected":false},"excerpt":{"rendered":"<p>Bu sayfada \u00e7al\u0131\u015fanlar\u0131n\u0131z\u0131 toplu olarak listeyebilece\u011finiz bir sunum g\u00f6rmektesiniz. Her bir \u00e7al\u0131\u015fan i\u00e7in ayr\u0131 ayr\u0131 sayfa olu\u015fturup \u00e7al\u0131\u015fana t\u0131kland\u0131\u011f\u0131nda o ki\u015finin detay sayfas\u0131n\u0131 da a\u00e7abilirsiniz. A\u015fa\u011f\u0131daki \u00e7al\u0131\u015fanlardan birine t\u0131klayarak \u00f6rnek bir \u00e7al\u0131\u015fan sayfas\u0131 g\u00f6rebilirsiniz. Emre Y\u0131lmaz Genel M\u00fcd\u00fcr Ahmet Demir Finans Direkt\u00f6r\u00fc Mehmet \u015eahin \u0130nsan Kaynaklar\u0131 Mustafa Arslan Bilgi Teknolojileri Deniz \u00d6zt\u00fcrk Pazarlama Furkan \u00c7etin [&hellip;]<\/p>\n","protected":false},"author":1,"featured_media":0,"parent":0,"menu_order":0,"comment_status":"closed","ping_status":"closed","template":"","meta":{"fiyat":"","metin":"","footnotes":""},"class_list":["post-57","page","type-page","status-publish","hentry"],"_links":{"self":[{"href":"https:\/\/yansehpa.com.tr\/index.php?rest_route=\/wp\/v2\/pages\/57","targetHints":{"allow":["GET"]}}],"collection":[{"href":"https:\/\/yansehpa.com.tr\/index.php?rest_route=\/wp\/v2\/pages"}],"about":[{"href":"https:\/\/yansehpa.com.tr\/index.php?rest_route=\/wp\/v2\/types\/page"}],"author":[{"embeddable":true,"href":"https:\/\/yansehpa.com.tr\/index.php?rest_route=\/wp\/v2\/users\/1"}],"replies":[{"embeddable":true,"href":"https:\/\/yansehpa.com.tr\/index.php?rest_route=%2Fwp%2Fv2%2Fcomments&post=57"}],"version-history":[{"count":7,"href":"https:\/\/yansehpa.com.tr\/index.php?rest_route=\/wp\/v2\/pages\/57\/revisions"}],"predecessor-version":[{"id":894,"href":"https:\/\/yansehpa.com.tr\/index.php?rest_route=\/wp\/v2\/pages\/57\/revisions\/894"}],"wp:attachment":[{"href":"https:\/\/yansehpa.com.tr\/index.php?rest_route=%2Fwp%2Fv2%2Fmedia&parent=57"}],"curies":[{"name":"wp","href":"https:\/\/api.w.org\/{rel}","templated":true}]}}